What is the highest common factor of 35 and 945?
35
What is the highest common factor of 7258 and 342?
38
Calculate the greatest common factor of 32 and 5808.
16
What is the greatest common factor of 199 and 1592?
199
What is the greatest common divisor of 3940 and 12?
4
What is the greatest common factor of 33 and 627?
33
Calculate the greatest common factor of 1 and 32.
1
What is the highest common divisor of 99 and 225?
9
What is the highest common divisor of 14315 and 70?
35
What is the highest common factor of 66 and 18?
6
Calculate the highest common factor of 7335 and 30.
15
What is the greatest common factor of 518 and 126?
14
Calculate the highest common divisor of 31 and 3.
1
What is the greatest common divisor of 2227 and 1179?
131
What is the greatest common factor of 36 and 450?
18
Calculate the highest common divisor of 10 and 80.
10
What is the highest common factor of 24 and 5952?
24
What is the greatest common factor of 128 and 208?
16
Calculate the greatest common factor of 27 and 234.
9
Calculate the highest common factor of 300 and 120.
60
Calculate the greatest common divisor of 403 and 496.
31
What is the greatest common divisor of 480 and 8280?
120
Calculate the greatest common divisor of 86 and 473.
43
Calculate the highest common factor of 94 and 846.
94
Calculate the greatest common divisor of 9047 and 109.
109
Calculate the greatest common factor of 182 and 25207.
91
What is the highest common divisor of 2280 and 1080?
120
What is the greatest common factor of 559 and 26?
13
What is the greatest common factor of 180 and 2088?
36
Calculate the greatest common divisor of 4 and 11.
1
What is the highest common factor of 17 and 8143?
17
Calculate the highest common divisor of 28100 and 100.
100
Calculate the greatest common divisor of 113 and 52771.
113
What is the highest common divisor of 296 and 62456?
296
What is the highest common divisor of 2790 and 30?
30
What is the greatest common divisor of 4 and 20?
4
What is the greatest common factor of 95 and 2375?
95
What is the highest common divisor of 340 and 40?
20
Calculate the highest common divisor of 144 and 336.
48
Calculate the highest common factor of 24 and 1812.
12
Calculate the highest common factor of 24357 and 276.
69
Calculate the greatest common factor of 7 and 56.
7
Calculate the highest common divisor of 51 and 9.
3
Calculate the greatest common factor of 80 and 50.
10
Calculate the highest common factor of 200 and 25.
25
Calculate the highest common factor of 2511 and 108.
27
What is the highest common divisor of 2884 and 448?
28
What is the greatest common divisor of 1482 and 78?
78
Calculate the highest common divisor of 1068 and 445.
89
Calculate the highest common divisor of 616 and 110.
22
Calculate the highest common divisor of 88 and 11.
11
Calculate the greatest common factor of 285 and 30.
15
Calculate the greatest common divisor of 340 and 612.
68
Calculate the greatest common divisor of 37779 and 294.
147
What is the greatest common divisor of 8 and 196?
4
What is the greatest common divisor of 19449 and 18?
9
Calculate the greatest common divisor of 24 and 576.
24
Calculate the greatest common divisor of 222 and 48.
6
What is the highest common divisor of 32 and 124?
4
Calculate the greatest common divisor of 32 and 64.
32
Calculate the highest common factor of 6470 and 10.
10
Calculate the greatest common divisor of 114 and 2679.
57
What is the greatest common factor of 405 and 8019?
81
Calculate the highest common divisor of 1180 and 20.
20
What is the highest common factor of 8 and 12424?
8
What is the greatest common divisor of 1349 and 57?
19
Calculate the greatest common factor of 123 and 12.
3
What is the highest common factor of 345 and 46?
23
What is the highest common factor of 23 and 46?
23
What is the highest common divisor of 15 and 220?
5
What is the highest common divisor of 21885 and 30?
15
Calculate the greatest common factor of 12 and 80844.
12
Calculate the greatest common factor of 6 and 54.
6
Calculate the greatest common divisor of 18 and 369.
9
What is the highest common factor of 43 and 129?
43
Calculate the highest common divisor of 6 and 123.
3
What is the highest common factor of 215 and 1376?
43
What is the highest common factor of 357 and 105?
21
What is the greatest common factor of 78 and 1222?
26
Calculate the greatest common factor of 319 and 11.
11
What is the highest common factor of 3 and 1214?
1
What is the highest common factor of 198 and 7002?
18
What is the greatest common divisor of 4756 and 1476?
164
What is the highest common divisor of 1911 and 39?
39
Calculate the highest common divisor of 49 and 1078.
49
What is the greatest common divisor of 7569 and 9?
9
Calculate the highest common divisor of 2954 and 126.
14
What is the greatest common divisor of 2132 and 104?
52
What is the greatest common divisor of 357 and 168?
21
Calculate the greatest common factor of 265 and 3869.
53
Calculate the highest common factor of 406 and 2146.
58
Calculate the highest common factor of 103 and 721.
103
What is the greatest common divisor of 9016 and 69?
23
What is the greatest common factor of 90 and 30?
30
What is the highest common factor of 2825 and 113?
113
What is the highest common factor of 2275 and 25?
25
Calculate the greatest common divisor of 3645 and 255.
15
Calculate the greatest common factor of 54 and 66.
6
What is the greatest common factor of 135 and 165?
15
What is the greatest common divisor of 57 and 24757?
19
What is the highest common factor of 56 and 196?
28
What is the greatest common factor of 576 and 51552?
288
Calculate the greatest common divisor of 90 and 198.
18
What is the greatest common factor of 11847 and 11?
11
Calculate the highest common divisor of 781 and 213.
71
Calculate the greatest common factor of 22 and 6.
2
Calculate the highest common divisor of 1620 and 190.
10
What is the highest common divisor of 56 and 7?
7
What is the greatest common factor of 176 and 128?
16
Calculate the highest common divisor of 68 and 12.
4
Calculate the highest common factor of 424 and 24.
8
Calculate the greatest common factor of 189 and 273.
21
What is the highest common factor of 600 and 144?
24
Calculate the greatest common divisor of 330 and 99.
33
Calculate the greatest common divisor of 180 and 30.
30
Calculate the greatest common divisor of 6540 and 120.
60
What is the greatest common divisor of 768 and 352?
32
What is the greatest common factor of 208 and 260?
52
Calculate the greatest common factor of 120 and 165.
15
Calculate the greatest common factor of 28 and 182.
14
Calculate the highest common divisor of 6 and 250.
2
Calculate the greatest common factor of 2 and 58.
2
What is the greatest common factor of 9 and 40563?
9
Calculate the highest common factor of 8 and 1844.
4
What is the greatest common factor of 585 and 1833?
39
What is the greatest common divisor of 9477 and 65?
13
What is the highest common factor of 3154 and 38?
38
What is the greatest common divisor of 528 and 132?
132
What is the greatest common factor of 519 and 24?
3
Calculate the highest common divisor of 1856 and 256.
64
What is the highest common divisor of 612 and 84?
12
Calculate the greatest common factor of 237 and 9.
3
Calculate the greatest common factor of 221 and 476.
17
Calculate the greatest common factor of 42 and 987.
21
Calculate the greatest common factor of 468 and 132.
12
Calculate the highest common divisor of 64 and 208.
16
What is the highest common factor of 6543 and 18?
9
Calculate the greatest common factor of 23573 and 11.
11
What is the greatest common factor of 253 and 46?
23
Calculate the greatest common factor of 600 and 144.
24
Calculate the highest common factor of 66 and 3498.
66
Calculate the greatest common factor of 328 and 8.
8
What is the highest common factor of 16 and 688?
16
What is the greatest common factor of 58 and 5162?
58
Calculate the greatest common divisor of 2376 and 48.
24
What is the highest common factor of 12285 and 21?
21
What is the highest common divisor of 5770 and 10?
10
What is the greatest common divisor of 1360 and 102?
34
What is the highest common divisor of 273 and 2912?
91
Calculate the greatest common divisor of 204 and 120.
12
Cal